 Suppose 14 + 1 = 5*b, -d + 4 = u*b. What is the tens digit of y(d)?
6
Let x = 41 - 70. Let n = -17 - x. What is the tens digit of n?
1
Suppose -3*u = -3*a + 897, 5*u - 287 = 5*a - 6*a. What is the hundreds digit of a?
2
Let m(w) be the third derivative of w**4/24 - w**3/6 - 2*w**2. Let f be m(1). Suppose -172 = -f*o - 4*o. What is the units digit of o?
3
Let z = 17 + -14. What is the tens digit of ((-11)/(-3))/(z/9)?
1
Let q = -1510 - -1624. What is the hundreds digit of q?
1
What is the tens digit of (1044/45)/(6/5 - 1)?
1
Let t be (-3)/(-1)*12/(-18). Let c be 126/33 - t/11. Suppose 0*y + 71 = c*w + y, -3*w + 42 = 3*y. What is the units digit of w?
9
Let r(g) = g**3 + 6*g**2 - g - 8. Suppose 3*l + 18 - 3 = 0. What is the units digit of r(l)?
2
Suppose 0*m + 4*m + v - 2032 = 0, -4*v = 2*m - 1016. Suppose 2*f + 4*g - m + 32 = 0, -5*g = 5*f - 1215. What is the units digit of f?
8
Let d = 4623 + -1580. What is the hundreds digit of d?
0
Let b(k) = -7*k**2 + 3 + 2*k**2 - 7*k + 4*k**2. Let v be b(-7). Suppose -3*h + 81 = v*s, 2*h + 8 = s - 10. What is the units digit of s?
4
Let v = -28 - -2. Let k = 41 + v. What is the units digit of k?
5
Let q be ((-16)/(-10))/(10/25). Suppose 0*a - q*s = -3*a - 366, 5*s = 15. What is the units digit of (-1)/(-5) + a/(-10)?
2
Let b(f) = f**2 + 12*f + 5. Let a be 320/(-28) + (-3)/(-7). Let c be b(a). Let g(y) = y**3 + 6*y**2 - 3*y - 7. What is the units digit of g(c)?
1
Let a be -4 + 1 + 5/(20/4). What is the tens digit of (-5778)/(-45) + a*1/5?
2
Let x(r) = -25*r + 2. Let t(y) = 24*y - 2. Let i(c) = 4*t(c) + 3*x(c). Let f(k) = k**2 + 21*k + 21. Let w be f(-20). What is the units digit of i(w)?
9
Let p(g) = 5*g**2 - 1. Let h be p(1). Suppose 0 = -3*q + h*z + 154, -2*z - 2 = -0. What is the tens digit of q?
5
Let m = 4556 + -308. What is the units digit of m?
8
Let l(r) = 5*r - 5. Let s be l(6). Suppose 0 = 2*v + 1 - s. What is the units digit of (-37)/(-2) + v/8?
0
Suppose -3*k + 6*k - 4*g - 541 = 0, -5*g = 3*k - 505. What is the tens digit of k?
7
Suppose 4*m + 4 = 52. Let j(s) = -s**3 + 0 + 6 + m*s**2 - 2*s**2 - 13*s. What is the units digit of j(8)?
0
Suppose 9*b + 3*w + 8707 = 14*b, 2*b = -4*w + 3488. What is the units digit of b?
2
Let y(w) = -10*w + 3. Let c be y(2). Let v = 3 + 12. Let t = v - c. What is the units digit of t?
2
Let a(p) = -2*p**3 + 19*p**2 + 17*p - 10. What is the tens digit of a(9)?
2
Suppose -4*q + 193 + 16459 = 3*y, 27761 = 5*y - q. What is the tens digit of y?
5
Let b = -41 - -66. Suppose -i = -5*p - 0*p - b, -2*p + 38 = 2*i. What is the units digit of ((-216)/60)/((-6)/i)?
2
Suppose -7*k + 8396 - 3307 = 0. What is the hundreds digit of k?
7
Let h be ((-282)/(-2))/((-18)/(-12)). Let a be 3/(-12) + 9/4. Suppose -a*m = 2*t - h, -3*m - t = -3*t - 161. What is the units digit of m?
1
What is the hundreds digit of 22/(-44)*(358*6)/(-3)?
3
Suppose 0 = -4*h + 3*o + 157, 201 = h + 4*h + o. Suppose -2*i + h = -10. Let q = i - 13. What is the tens digit of q?
1
Let k = 7 - -14. Let w = 128 - 73. Suppose k = 4*g + v - w, 4*g = 2*v + 76. What is the tens digit of g?
1
Let q = 114 + 1250. What is the tens digit of q?
6
Suppose 0 = 3*l - 2*l. Suppose l = -3*d - d + 8. Suppose d*g = 2*t + 64, 42 = g - 0*g - 3*t. What is the tens digit of g?
2
Let n = 26 - 13. Suppose 95 = 14*l - n*l. What is the units digit of l?
5
Suppose -8295 = 51*p - 66*p. What is the hundreds digit of p?
5
Let v be (-18)/(-45)*2/((-4)/(-310)). Suppose 0*a + 215 = -5*a. Let s = a + v. What is the tens digit of s?
1
Let y = 7930 - 4416. What is the units digit of y?
4
Suppose -36 = -5*h - 4*g, 3*h = -0*h - 3*g + 24. Suppose h = b + 1. What is the units digit of -23*(-6 + b - -2)?
3
Suppose 3*g + 156 = n - 0*g, 4*g = 4*n - 640. Suppose 6*k - 8 = 4. Suppose 4*d = -k*d + n. What is the units digit of d?
7
Let v(m) = -m + 17. Let n be v(14). Let z(i) = -4 - 4*i - i**n - 6 - 14*i**2 + 15*i. What is the tens digit of z(-15)?
5
Suppose -42 - 16 = -2*b. Let f = 45 - b. What is the tens digit of f?
1
Let p(n) = -5*n - 7. Let g be p(-9). Suppose -g + 0 = -r. Suppose 5*k - 2 = r. What is the units digit of k?
8
Let i(s) = 8*s**2 - 7*s - 11. Let n(d) = 7*d**2 - 7*d - 10. Let o(t) = -6*i(t) + 7*n(t). Let q be o(8). Suppose 86 = -2*l + q*l. What is the units digit of l?
3
Let g = -1252 - -3615. What is the thousands digit of g?
2
Suppose 35*c = 50*c - 35790. What is the units digit of c?
6
Let a(b) = 90*b**2 + 4*b + 3. What is the thousands digit of a(-4)?
1
Suppose 4*b = 3*l - 1328, 3*l - 2*b - 1356 = -5*b. What is the units digit of l?
8
What is the tens digit of (-2)/(-5)*1195 - (1 + 3)?
7
Let i be 1/((-10)/4) - 72/(-5). What is the units digit of 8 + (-23)/7 + i/49?
5
Let c = 981 + -468. Let d = -315 + c. What is the hundreds digit of d?
1
Suppose 2*h + 9 = 1. Suppose -2*y + d + 80 = -3*d, 5*y - 5*d = 225. Let g = y + h. What is the tens digit of g?
4
Let j(w) = w + 8. Let f be 98/2*(6 - 2). Let p be f/21 + (-1)/3. What is the units digit of j(p)?
7
Suppose 2*u - 2 = -5*g, -3*g + 2 + 0 = u. Let y(q) = -q**2 - 5*q - 5. Let x be y(u). Let h(k) = -10*k**3 - k**2 + 1. What is the units digit of h(x)?
0
Suppose -82957 = -36*y + 13559. What is the tens digit of y?
8
Let o(a) = -2*a - 16. Let m be o(0). Let q be 2/8 - 668/m. Let i = -10 + q. What is the units digit of i?
2
What is the tens digit of (-40)/7*-193 - (-216)/(-252)?
0
Suppose 2*j - 1719 = -3*i, 21*j - 5*i = 16*j + 4335. What is the hundreds digit of j?
8
What is the thousands digit of (6/4)/(25/25150)?
1
Let d(g) = 5*g - g + 30 - 7*g + g. Let l be d(15). Suppose l*h = 5*h - 275. What is the units digit of h?
5
Suppose 158 = 4*k - r, -7*k - 3*r = -9*k + 74. What is the units digit of k?
0
Let f = -330 + 506. What is the hundreds digit of f?
1
Suppose -2*j + 6*j = -5*p + 27, 2*j - 12 = -2*p. Suppose -4*g + 41 = -p*g. What is the tens digit of g?
4
Suppose -i + 36 = -4*z, -2*z = -2*i - 3*z + 108. Suppose -u = -0*u - i. Suppose 3*o - u - 125 = -2*x, 3*x = 9. What is the units digit of o?
7
Suppose v + 5*h + 507 = 2*v, -2*h + 542 = v. What is the hundreds digit of v?
5
Suppose -q + 84 - 34 = 0. Let v = -25 + q. What is the tens digit of v?
2
Suppose 52*j = 57*j - 2700. Let o = j - 308. What is the hundreds digit of o?
2
Let g(o) = -5*o**2 - 2*o + 10. Let l(j) = -11*j**2 - 3*j + 21. Let k(b) = -13*g(b) + 6*l(b). Let x be k(6). What is the tens digit of 72 - (x - (-4 - -8))?
6
Let z(t) = t**3 - 4*t**2 - 4*t + 14. Let d be z(4). What is the units digit of 3018*d/(-54) + (-4)/(-18)?
2
Let w = 25 - 31. What is the units digit of (w/(-4))/((-4)/(-48))?
8
Let i(h) be the first derivative of -h**3/3 - 6*h**2 - 4*h + 2. What is the units digit of i(-9)?
3
Let c = -6 - -1. Let i be (c + 4 - 0)*-2. Let y(n) = 3*n**3 - 3*n**2 + 2*n - 3. What is the tens digit of y(i)?
1
Suppose -u + m + 815 = 0, -2*m = u + m - 835. What is the units digit of 8/(-16) + u/8?
2
Suppose c - 9 = -10. Let m(b) = 119*b**2 - 3*b - 2. What is the hundreds digit of m(c)?
1
What is the hundreds digit of 1621 - ((-6)/8)/(41/(-164))?
6
Let t = -330 + 991. What is the units digit of t?
1
Suppose 0*b - 30 = -2*z - 3*b, 2*b = -z + 13. Let d be -3*2/z*-14. Suppose d*l - 29 = 159. What is the units digit of l?
7
Let s be -33*((-4)/(-3))/4. Let g = s + 74. Let p = -33 + g. What is the units digit of p?
0
What is the units digit of 8029/74*(-12)/(-7)?
6
Let a = -1 + 3. Let w = -11 - -54. Suppose 3 + w = a*k. What is the tens digit of k?
2
Let l = -1 + -2. Let c(p) = -p**2 - 13*p + 4. Let g(u) = -2*u**2 - 13*u + 3. Let m(b) = l*c(b) + 2*g(b). What is the units digit of m(12)?
6
Suppose -77*n - 18810 = -87*n. What is the hundreds digit of n?
8
Suppose -40*a + 28980 = -12*a. What is the hundreds digit of a?
0
Let u(t) = -22*t + 204. What is the tens digit of u(-21)?
6
What is the thousands digit of (-33896)/(-32) + -3*5/60?
1
Let f(g) = g**3 + 7*g**2 + g + 2. Let h be (-16)/104 + 1 + 152/(-26). What is the units digit of f(h)?
7
Let x be (-1311)/(-95) + 8/(-10). Let i be 7/(-2)*(-1 + -5). Let s = x + i. What is the units digit of s?
4
Let a(y) = -3*y - 18. Let n be a(9). Let h = n - -78. What is the units digit of h?
3
Suppose -4*i + 0*y = 4*y + 16, -4 = -i - 3*y. Let v(d) = -125*d + 52*d + 4 + 1 - d**2 + 62*d. What is the tens digit of